{"id":2788,"date":"2025-02-18T22:29:13","date_gmt":"2025-02-18T22:29:13","guid":{"rendered":"https:\/\/tmmedios.com\/?page_id=2788"},"modified":"2026-03-02T10:13:39","modified_gmt":"2026-03-02T17:13:39","slug":"romantica-89-5-fm","status":"publish","type":"page","link":"https:\/\/tmmedios.com\/?page_id=2788","title":{"rendered":"Romantica 89.5 FM"},"content":{"rendered":"\n<div class=\"wp-block-uagb-container uagb-block-8344d3be alignfull uagb-is-root-container\"><div class=\"uagb-container-inner-blocks-wrap\">\n<div class=\"wp-block-uagb-container uagb-block-84d394a8\">\n<div class=\"wp-block-uagb-image aligncenter uagb-block-ca0d302b wp-block-uagb-image--layout-default wp-block-uagb-image--effect-static wp-block-uagb-image--align-center\"><figure class=\"wp-block-uagb-image__figure\"><img decoding=\"async\" srcset=\"https:\/\/tmmedios.com\/wp-content\/uploads\/2026\/03\/Logo-89.5--300x300.png ,https:\/\/tmmedios.com\/wp-content\/uploads\/2026\/03\/Logo-89.5-.png 780w, https:\/\/tmmedios.com\/wp-content\/uploads\/2026\/03\/Logo-89.5-.png 360w\" sizes=\"auto, (max-width: 480px) 150px\" src=\"https:\/\/tmmedios.com\/wp-content\/uploads\/2026\/03\/Logo-89.5--300x300.png\" alt=\"\" class=\"uag-image-3465\" width=\"353\" height=\"300\" title=\"Logo 89.5\" loading=\"lazy\" role=\"img\"\/><\/figure><\/div>\n\n\n\n<div class=\"wp-block-uagb-container uagb-block-c0ed2431\">\n<iframe loading=\"lazy\" name=\"contenedorPlayer\" class=\"cuadroBordeado\" allow=\"autoplay\" width=\"100%\" height=\"78px\" marginwidth=0 marginheight=0 hspace=0 vspace=0 frameborder=0 scrolling=no  src=\"https:\/\/cp.usastreams.com\/pr2g\/APPlayerRadioHTML5.aspx?stream=https:\/\/stream.zeno.fm\/3195h8s3ekhvv&#038;fondo=05&#038;formato=mp3&#038;color=14&#038;titulo=2&#038;autoStart=1&#038;vol=5&#038;tipo=14&#038;nombre=Romantica+89.5+FM\"><\/iframe>\n<\/div>\n<\/div>\n\n\n\n<div class=\"wp-block-uagb-container uagb-block-4b851843\">\n<h1 style=\"text-align: center;\">Escucha la m\u00fasica que te hace recordar, que te enamora y que te transporta a esos momentos \u00fanicos de tu vida.<\/h1>\n<h1 style=\"text-align: center;\">Los \u00e9xitos de los 80\u2019s 90\u2019s y un toque de la primer d\u00e9cada del 2000, una emisora que te brinda compa\u00f1\u00eda y contenido que te hace vivir tus d\u00edas m\u00e1s amenos.<\/h1>\n<h1 style=\"text-align: center;\">89.5 FM Rom\u00e1ntica\u00a0<\/h1>\n<h1 style=\"text-align: center;\">\u00a1M\u00fasica para tu coraz\u00f3n!<\/h1>\n<\/div>\n<\/div><\/div>\n\n\n\n<div class=\"wp-block-uagb-container uagb-block-00dfb71a alignfull uagb-is-root-container\"><div class=\"uagb-container-inner-blocks-wrap\">\n<h2 class=\"wp-block-heading has-text-align-center has-luminous-vivid-orange-color has-text-color has-link-color wp-elements-8dafe7330e624f3aa29d9629295b0248\" style=\"font-size:50px\">Nuestras Voces<\/h2>\n\n\n\n<div class=\"wp-block-uagb-container uagb-block-6cf2ac84 alignfull uagb-is-root-container\">\n<div class=\"wp-block-uagb-container uagb-block-919bc708\">\n<div class=\"wp-block-uagb-team uagb-team__image-position-above uagb-team__align-center uagb-team__stack-tablet uagb-block-24ee7200\"><div class=\"uagb-team__content\"><img decoding=\"async\" class=\"uagb-team__image-crop-circle\" src=\"https:\/\/tmmedios.com\/wp-content\/uploads\/2025\/02\/JONATHAN-MANJARREZ-edit-150x150.jpg\" alt=\"\" height=\"100\" width=\"100\" loading=\"lazy\"\/><h3 class=\"uagb-team__title\">Jonathan Manjarrez<\/h3><span class=\"uagb-team__prefix\">En Modo Play<\/span><p class=\"uagb-team__desc\">Acompa\u00f1a a Jonathan Manjarrez para poner tus ma\u00f1anas En Modo Play con la mejor m\u00fasica de Rom\u00e1ntica, datos curiosos, trivias, frases y reflexiones para que tus d\u00edas siempre tengan la mejor actitud. Lunes a Viernes de 8 a 10 de la ma\u00f1ana para ponerse en Modo Play.<\/p><ul class=\"uagb-team__social-list\"><li class=\"uagb-team__social-icon\"><a href=\"https:\/\/www.facebook.com\/jonamanjar\" aria-label=\"facebook\" target=\"_blank\" title=\"\" rel=\"noopener noreferrer\"><svg xmlns=\"https:\/\/www.w3.org\/2000\/svg\" viewBox=\"0 0 512 512\"><path d=\"M504 256C504 119 393 8 256 8S8 119 8 256c0 123.8 90.69 226.4 209.3 245V327.7h-63V256h63v-54.64c0-62.15 37-96.48 93.67-96.48 27.14 0 55.52 4.84 55.52 4.84v61h-31.28c-30.8 0-40.41 19.12-40.41 38.73V256h68.78l-11 71.69h-57.78V501C413.3 482.4 504 379.8 504 256z\"><\/path><\/svg><\/a><\/li><li class=\"uagb-team__social-icon\"><a href=\"https:\/\/www.instagram.com\/jonathanmanjarrez\/?hl=es\" aria-label=\"instagram\" target=\"_blank\" title=\"\" rel=\"noopener noreferrer\"><svg xmlns=\"https:\/\/www.w3.org\/2000\/svg\" viewBox=\"0 0 448 512\"><path d=\"M224.1 141c-63.6 0-114.9 51.3-114.9 114.9s51.3 114.9 114.9 114.9S339 319.5 339 255.9 287.7 141 224.1 141zm0 189.6c-41.1 0-74.7-33.5-74.7-74.7s33.5-74.7 74.7-74.7 74.7 33.5 74.7 74.7-33.6 74.7-74.7 74.7zm146.4-194.3c0 14.9-12 26.8-26.8 26.8-14.9 0-26.8-12-26.8-26.8s12-26.8 26.8-26.8 26.8 12 26.8 26.8zm76.1 27.2c-1.7-35.9-9.9-67.7-36.2-93.9-26.2-26.2-58-34.4-93.9-36.2-37-2.1-147.9-2.1-184.9 0-35.8 1.7-67.6 9.9-93.9 36.1s-34.4 58-36.2 93.9c-2.1 37-2.1 147.9 0 184.9 1.7 35.9 9.9 67.7 36.2 93.9s58 34.4 93.9 36.2c37 2.1 147.9 2.1 184.9 0 35.9-1.7 67.7-9.9 93.9-36.2 26.2-26.2 34.4-58 36.2-93.9 2.1-37 2.1-147.8 0-184.8zM398.8 388c-7.8 19.6-22.9 34.7-42.6 42.6-29.5 11.7-99.5 9-132.1 9s-102.7 2.6-132.1-9c-19.6-7.8-34.7-22.9-42.6-42.6-11.7-29.5-9-99.5-9-132.1s-2.6-102.7 9-132.1c7.8-19.6 22.9-34.7 42.6-42.6 29.5-11.7 99.5-9 132.1-9s102.7-2.6 132.1 9c19.6 7.8 34.7 22.9 42.6 42.6 11.7 29.5 9 99.5 9 132.1s2.7 102.7-9 132.1z\"><\/path><\/svg><\/a><\/li><li class=\"uagb-team__social-icon\"><a href=\"https:\/\/twitter.com\/jonamanjarrez\" aria-label=\"x-twitter\" target=\"_blank\" title=\"\" rel=\"noopener noreferrer\"><svg xmlns=\"https:\/\/www.w3.org\/2000\/svg\" viewBox=\"0 0 512 512\"><path d=\"M389.2 48h70.6L305.6 224.2 487 464H345L233.7 318.6 106.5 464H35.8L200.7 275.5 26.8 48H172.4L272.9 180.9 389.2 48zM364.4 421.8h39.1L151.1 88h-42L364.4 421.8z\"><\/path><\/svg><\/a><\/li><\/ul><\/div><\/div>\n<\/div>\n\n\n\n<div class=\"wp-block-uagb-container uagb-block-0c948ce4\">\n<div class=\"wp-block-uagb-team uagb-team__image-position-above uagb-team__align-center uagb-team__stack-tablet uagb-block-9699153d\"><div class=\"uagb-team__content\"><img decoding=\"async\" class=\"uagb-team__image-crop-circle\" src=\"https:\/\/tmmedios.com\/wp-content\/uploads\/2025\/02\/LORENA-ROMO-edit-150x150.jpg\" alt=\"\" height=\"100\" width=\"100\" loading=\"lazy\"\/><h3 class=\"uagb-team__title\">Lorena Romo<\/h3><span class=\"uagb-team__prefix\">Locutora<\/span><p class=\"uagb-team__desc\">Lorena Romo te espera por las ma\u00f1anas con la mejor programaci\u00f3n de Rom\u00e1ntica , disfruta de curiosidades, promociones y muchas sorpresas de lunes a viernes de 10 a 13 Hrs.<\/p><ul class=\"uagb-team__social-list\"><li class=\"uagb-team__social-icon\"><a href=\"https:\/\/www.facebook.com\/lorena.romo.92\" aria-label=\"facebook\" target=\"_blank\" title=\"\" rel=\"noopener noreferrer\"><svg xmlns=\"https:\/\/www.w3.org\/2000\/svg\" viewBox=\"0 0 512 512\"><path d=\"M504 256C504 119 393 8 256 8S8 119 8 256c0 123.8 90.69 226.4 209.3 245V327.7h-63V256h63v-54.64c0-62.15 37-96.48 93.67-96.48 27.14 0 55.52 4.84 55.52 4.84v61h-31.28c-30.8 0-40.41 19.12-40.41 38.73V256h68.78l-11 71.69h-57.78V501C413.3 482.4 504 379.8 504 256z\"><\/path><\/svg><\/a><\/li><\/ul><\/div><\/div>\n<\/div>\n\n\n\n<div class=\"wp-block-uagb-container uagb-block-f705bd2c\">\n<div class=\"wp-block-uagb-team uagb-team__image-position-above uagb-team__align-center uagb-team__stack-tablet uagb-block-87f78a28\"><div class=\"uagb-team__content\"><img decoding=\"async\" class=\"uagb-team__image-crop-circle\" src=\"https:\/\/tmmedios.com\/wp-content\/uploads\/2025\/02\/JAVIER-OCHOA-edit-150x150.jpg\" alt=\"\" height=\"100\" width=\"100\" loading=\"lazy\"\/><h3 class=\"uagb-team__title\">Dj Javier Ochoa<\/h3><span class=\"uagb-team__prefix\">Locutor<\/span><p class=\"uagb-team__desc\">Acompa\u00f1a\u00a0 a Dj Javy con la mejor m\u00fasica de los 80, 90, y 2000 De 5 a 7 pm. Su primer hora con m\u00fasica Rom\u00e1ntica y de 6 a 7 con Chavorrucos Radio con los mejores \u00e9xitos mezclados totalmente en vivo.<\/p><ul class=\"uagb-team__social-list\"><\/ul><\/div><\/div>\n<\/div>\n<\/div>\n<\/div><\/div>\n\n\n\n<div class=\"wp-block-uagb-container uagb-block-cad845fc alignfull uagb-is-root-container\"><div class=\"uagb-container-inner-blocks-wrap\">\n<div class=\"wp-block-uagb-container uagb-block-e1b5d876\">\n<div class=\"wp-block-uagb-image uagb-block-67167037 wp-block-uagb-image--layout-default wp-block-uagb-image--effect-static wp-block-uagb-image--align-none\"><figure class=\"wp-block-uagb-image__figure\"><img decoding=\"async\" srcset=\"https:\/\/tmmedios.com\/wp-content\/uploads\/2025\/02\/Programacion-Romatica-y-Plakosa_001-1.png ,https:\/\/tmmedios.com\/wp-content\/uploads\/2025\/02\/Programacion-Romatica-y-Plakosa_001-1.png 780w, https:\/\/tmmedios.com\/wp-content\/uploads\/2025\/02\/Programacion-Romatica-y-Plakosa_001-1.png 360w\" sizes=\"auto, (max-width: 480px) 150px\" src=\"https:\/\/tmmedios.com\/wp-content\/uploads\/2025\/02\/Programacion-Romatica-y-Plakosa_001-1.png\" alt=\"\" class=\"uag-image-3081\" width=\"607\" height=\"794\" title=\"Programacion Romatica y Plakosa_001\" loading=\"lazy\" role=\"img\"\/><\/figure><\/div>\n<\/div>\n\n\n\n<div class=\"wp-block-uagb-container uagb-block-e1d2a0d0\">\n<div class=\"wp-block-uagb-image uagb-block-31687bf1 wp-block-uagb-image--layout-default wp-block-uagb-image--effect-static wp-block-uagb-image--align-none\"><figure class=\"wp-block-uagb-image__figure\"><img decoding=\"async\" srcset=\"https:\/\/tmmedios.com\/wp-content\/uploads\/2025\/10\/BARRA-PROGRAMACION-ROMANTICA-787x1024.jpeg ,https:\/\/tmmedios.com\/wp-content\/uploads\/2025\/10\/BARRA-PROGRAMACION-ROMANTICA.jpeg 780w, https:\/\/tmmedios.com\/wp-content\/uploads\/2025\/10\/BARRA-PROGRAMACION-ROMANTICA.jpeg 360w\" sizes=\"auto, (max-width: 480px) 150px\" src=\"https:\/\/tmmedios.com\/wp-content\/uploads\/2025\/10\/BARRA-PROGRAMACION-ROMANTICA-787x1024.jpeg\" alt=\"\" class=\"uag-image-3438\" width=\"607\" height=\"794\" title=\"BARRA PROGRAMACION ROMANTICA\" loading=\"lazy\" role=\"img\"\/><\/figure><\/div>\n<\/div>\n<\/div><\/div>\n","protected":false},"excerpt":{"rendered":"<p>Escucha la m\u00fasica que te hace recordar, que te enamora&hellip;<\/p>\n","protected":false},"author":1,"featured_media":0,"parent":0,"menu_order":0,"comment_status":"closed","ping_status":"closed","template":"","meta":{"_uag_custom_page_level_css":"","footnotes":""},"class_list":["post-2788","page","type-page","status-publish","hentry"],"uagb_featured_image_src":{"full":false,"thumbnail":false,"medium":false,"medium_large":false,"large":false,"1536x1536":false,"2048x2048":false},"uagb_author_info":{"display_name":"admin","author_link":"https:\/\/tmmedios.com\/?author=1"},"uagb_comment_info":0,"uagb_excerpt":"Escucha la m\u00fasica que te hace recordar, que te enamora&hellip;","_links":{"self":[{"href":"https:\/\/tmmedios.com\/index.php?rest_route=\/wp\/v2\/pages\/2788","targetHints":{"allow":["GET"]}}],"collection":[{"href":"https:\/\/tmmedios.com\/index.php?rest_route=\/wp\/v2\/pages"}],"about":[{"href":"https:\/\/tmmedios.com\/index.php?rest_route=\/wp\/v2\/types\/page"}],"author":[{"embeddable":true,"href":"https:\/\/tmmedios.com\/index.php?rest_route=\/wp\/v2\/users\/1"}],"replies":[{"embeddable":true,"href":"https:\/\/tmmedios.com\/index.php?rest_route=%2Fwp%2Fv2%2Fcomments&post=2788"}],"version-history":[{"count":88,"href":"https:\/\/tmmedios.com\/index.php?rest_route=\/wp\/v2\/pages\/2788\/revisions"}],"predecessor-version":[{"id":3474,"href":"https:\/\/tmmedios.com\/index.php?rest_route=\/wp\/v2\/pages\/2788\/revisions\/3474"}],"wp:attachment":[{"href":"https:\/\/tmmedios.com\/index.php?rest_route=%2Fwp%2Fv2%2Fmedia&parent=2788"}],"curies":[{"name":"wp","href":"https:\/\/api.w.org\/{rel}","templated":true}]}}